of 18048 and 2538.
282
Calculate the highest common factor of 7476 and 63.
21
What is the highest common divisor of 287 and 59327?
41
What is the greatest common divisor of 7522 and 73?
1
Calculate the highest common factor of 1728765 and 205.
205
Calculate the highest common factor of 1235361 and 19.
19
Calculate the highest common factor of 37137 and 13.
1
What is the greatest common factor of 195 and 567684?
39
Calculate the greatest common factor of 45940 and 260.
20
What is the greatest common divisor of 3879 and 558?
9
Calculate the highest common factor of 18 and 5787.
9
What is the greatest common factor of 4156035 and 78?
39
What is the greatest common factor of 3834 and 81?
27
What is the greatest common factor of 128 and 976?
16
What is the highest common divisor of 3478 and 222?
74
What is the highest common factor of 7239 and 1651?
127
Calculate the greatest common divisor of 2077 and 268.
67
Calculate the highest common factor of 8533 and 8855.
161
Calculate the greatest common factor of 9 and 306549.
9
Calculate the highest common factor of 9480 and 14536.
632
What is the greatest common divisor of 137371 and 104?
13
Calculate the highest common divisor of 56918 and 1337.
191
What is the greatest common divisor of 69353 and 1555?
311
What is the highest common factor of 2255 and 59565?
55
Calculate the greatest common factor of 312 and 134472.
312
What is the highest common divisor of 252 and 1534596?
84
What is the greatest common factor of 295 and 944885?
295
Calculate the highest common factor of 55 and 761915.
55
Calculate the greatest common factor of 8008 and 21.
7
What is the greatest common divisor of 494929 and 134?
67
What is the highest common factor of 11888 and 1608?
8
Calculate the greatest common divisor of 76 and 11818.
38
What is the greatest common divisor of 602 and 604107?
301
What is the greatest common factor of 17136 and 581553?
1071
What is the highest common factor of 635 and 245872?
127
Calculate the highest common divisor of 6792 and 202911.
849
Calculate the greatest common divisor of 2422 and 16262.
346
Calculate the highest common divisor of 44403 and 123.
123
What is the highest common divisor of 47892 and 64?
4
Calculate the greatest common divisor of 56 and 1703072.
56
What is the greatest common divisor of 975 and 1014?
39
What is the highest common factor of 430521 and 11193?
273
What is the highest common divisor of 483 and 247296?
483
What is the greatest common factor of 40468 and 34840?
268
Calculate the highest common divisor of 528080 and 240.
80
Calculate the highest common factor of 835893 and 498.
249
Calculate the highest common factor of 118 and 1271863.
59
Calculate the greatest common factor of 3727095 and 15.
15
Calculate the highest common divisor of 4648 and 140.
28
What is the highest common divisor of 15216 and 3216?
48
Calculate the highest common divisor of 28 and 1652588.
28
What is the greatest common factor of 272 and 3008?
16
What is the greatest common divisor of 113448 and 1914?
174
What is the highest common factor of 36 and 6039?
9
What is the highest common factor of 164835 and 825?
165
Calculate the greatest common divisor of 2862 and 606108.
318
What is the highest common divisor of 68 and 168708?
68
Calculate the highest common divisor of 9438 and 1122.
66
What is the greatest common divisor of 1397 and 12065?
127
What is the greatest common divisor of 1470 and 191541?
147
What is the highest common factor of 1496 and 119592?
88
What is the highest common factor of 44 and 275?
11
What is the greatest common divisor of 12 and 519?
3
What is the greatest common factor of 544408 and 34?
34
What is the greatest common divisor of 795 and 5805?
15
What is the greatest common factor of 1096 and 72?
8
What is the greatest common divisor of 7575 and 11413?
101
Calculate the greatest common divisor of 58898 and 392.
98
What is the highest common divisor of 170586 and 1664?
26
Calculate the greatest common divisor of 20844584 and 136.
136
Calculate the highest common factor of 342 and 380.
38
What is the highest common factor of 36 and 975852?
36
Calculate the highest common factor of 658 and 19834.
94
What is the greatest common divisor of 29420 and 3640?
20
Calculate the greatest common divisor of 255204 and 20502.
306
Calculate the highest common divisor of 3809389 and 317.
317
Calculate the greatest common divisor of 1526122 and 474.
158
What is the greatest common divisor of 156 and 2091219?
39
Calculate the highest common divisor of 3618 and 75816.
54
What is the highest common divisor of 1369026 and 342?
342
Calculate the greatest common factor of 6049 and 184.
23
What is the greatest common factor of 16192 and 35926?
506
Calculate the highest common factor of 407591 and 339.
113
Calculate the greatest common factor of 2904 and 172524.
132
What is the highest common factor of 16850 and 6066?
674
Calculate the greatest common divisor of 10875 and 3000.
375
What is the greatest common factor of 12610 and 1358?
194
Calculate the greatest common divisor of 678232 and 136.
136
What is the highest common factor of 84 and 173076?
12
Calculate the greatest common factor of 250642 and 56.
14
Calculate the greatest common divisor of 8551 and 435095.
503
Calculate the greatest common divisor of 820121 and 71.
71
Calculate the greatest common factor of 11713726 and 146.
146
Calculate the greatest common divisor of 734940 and 80.
20
What is the greatest common factor of 1540 and 6860?
140
Calculate the highest common factor of 490 and 409290.
70
Calculate the highest common factor of 415 and 365615.
415
What is the greatest common divisor of 71765 and 7905?
155
Calculate the greatest common factor of 11412293 and 101.
101
Calculate the greatest common factor of 12730 and 47310.
190
What is the highest common divisor of 15204 and 174?
6
What is the greatest common divisor of 1449 and 3717?
63
Calculate the highest common divisor of 133 and 59500.
7
What is the highest common factor of 52 and 270075?
13
Calculate the greatest common divisor of 32326 and 224.
14
Calculate the greatest common factor of 932 and 22135.
233
What is the highest common divisor of 2961 and 799?
47
What is the highest common divisor of 1573 and 559?
13
Calculate the greatest common divisor of 352 and 28534.
22
Calculate the greatest common divisor of 6890 and 115310.
130
What is the greatest common divisor of 6211520 and 329?
329
Calculate the greatest common divisor of 1218208 and 800.
32
What is the highest common divisor of 71318 and 9706?
422
What is the greatest common divisor of 531 and 242667?
531
What is the highest common divisor of 116 and 33408?
116
What is the greatest common factor of 593959 and 817?
817
Calculate the greatest common divisor of 11745852 and 24.
12
Calculate the greatest common factor of 20824 and 15808.
152
What is the highest common factor of 18769 and 1?
1
Calculate the highest common factor of 3280 and 3440.
80
What is the highest common divisor of 6424 and 273896?
584
What is the highest common factor of 1278946 and 362?
362
Calculate the greatest common factor of 33306 and 1911.
273
Calculate the greatest common factor of 57353 and 1245.
83
What is the highest common divisor of 16 and 635536?
16
What is the greatest common divisor of 68745 and 165?
15
What is the greatest common divisor of 4341399 and 201?
201
Calculate the highest common divisor of 24 and 415556.
4
What is the greatest common factor of 106 and 2617246?
106
Calculate the highest common divisor of 62724 and 48.
12
What is the highest common divisor of 175824 and 15120?
432
What is the highest common factor of 238 and 124922?
14
What is the highest common factor of 277994 and 3074?
58
What is the greatest common factor of 405 and 286173?
81
What is the greatest common factor of 6974 and 594058?
634
Calculate the highest common divisor of 8 and 497544.
8
What is the highest common factor of 147498 and 1098?
366
What is the greatest common divisor of 949363 and 979?
89
What is the highest common factor of 174 and 56289?
87
Calculate the highest common factor of 1332 and 29637.
333
Calculate the greatest common factor of 132 and 10475520.
132
Calculate the greatest common factor of 860 and 64340.
20
Calcul